
2
What is -5 - (3 - 4) - -1?
-3
Calculate (-5 - -2) + (-10 - -21) + -11.
-3
Calculate -29 - -38 - (10 + 0).
-1
Evaluate -3 + 10 - 12 - -11 - 0.
6
What is (1 - -1) + (-4 - -5 - -1)?
4
What is the value of 17 + 8 - 12 - 10?
3
Evaluate -3 + 4 + (-25 - -17).
-7
(9 - (1 - -2)) + (27 - 23)
10
Evaluate -13 - (-5 + -2 + (5 - 6)).
-5
What is -1 + -3 + (-19 - -22)?
-1
Evaluate (0 - -2) + -27 + 30.
5
Evaluate -2 + -10 - (-16 + 5).
-1
Calculate 4 + 2 + (79 - 81).
4
What is 7 + -12 + (2 - (-8 + 5))?
0
What is 5 - ((-12 - -6) + 5)?
6
Evaluate -18 + 11 + 1 + (-2 - 0).
-8
What is the value of 8 + (8 - -1 - 7)?
10
5 + (18 + -21 - (1 + -5))
6
-1 + (-1 - 1) - 1
-4
1 + 4 + 1 + -7
-1
What is 1 + 1 - 1 - 4?
-3
What is the value of (-2 - (8 - 3 - 2)) + 5?
0
2 - (-3 - -1 - (-5 + 1))
0
2 - (-1 - (-3 + 0) - -3)
-3
What is (-30 - -26) + (3 - -1)?
0
What is 2 + (-3 - (3 + 0))?
-4
Evaluate 6 - -6 - 12 - 5.
-5
What is the value of 7 + -18 + 10 + 2?
1
Evaluate 0 + 10 + -24 + -21 + 39.
4
What is the value of 5 - (0 - (9 - 10))?
4
-9 + 4 + (3 - 0) - 1
-3
What is 5 + -13 + 12 - 2?
2
What is (-5 - (-2 - 13)) + (-6 - -1)?
5
What is the value of 5 - (2 - -1 - -5)?
-3
-8 + -1 + 2 + (-1 - -3)
-5
Calculate (-1 - (1 - 0)) + -3.
-5
Evaluate -8 - (3 - 2 - 8).
-1
What is 19 - 26 - ((1 - 3) + -7)?
2
What is the value of -1 - (-12 + 7 - 0)?
4
What is (6 - 2) + (49 - 54)?
-1
4 - ((-3 - -10) + -4)
1
6 - -3 - 6 - 5
-2
Calculate -3 - (-7 - -9 - 5).
0
What is -7 + 5 + (3 - -5 - 10)?
-4
Evaluate (-4 - 5 - -7) + (1 - -2).
1
What is the value of 1 - (10 + -6) - -3?
0
6 - (7 - 4) - 6
-3
-1 + (-8 - (-5 - (-2 + 1)))
-5
Calculate -1 + (0 + 3 + 1 - 5).
-2
What is the value of (9 + -7 - (-1 - -3)) + 0?
0
What is -1 + -2 + -2 + 0?
-5
0 + 6 - ((3 - -2) + -1)
2
(-8 - -5) + (-2 + 9 - 1)
3
Calculate -4 + 2 + -2 + 0 + 4.
0
What is the value of 8 + (-1 - 14) + 8?
1
What is the value of (11 + -11 - (2 - 2)) + -1?
-1
What is 8 + (-2 - -6) + -8 + 3?
7
What is the value of 7 - (12 - (0 - -1))?
-4
Calculate -13 + 2 - (50 - 58).
-3
1 - (1 - 1) - (6 - 8)
3
Evaluate -5 + 6 + 3 + -2.
2
Calculate 10 + (-18 - -10) - 4.
-2
What is (-23 - -20) + (-1 - (1 - 4))?
-1
What is the value of (1 - (2 - -2)) + -1?
-4
Evaluate 14 + -8 - (9 + 0).
-3
Calculate (1 - 6) + -23 + 12 + 9.
-7
What is -20 - -12 - -9 - 7?
-6
Evaluate 12 + -13 + -5 + 0.
-6
Calculate 1 + (-5 - -4) + 2.
2
What is -1 + 4 + (0 - 4)?
-1
What is the value of (-26 - -19 - -2) + 1 + 0?
-4
What is the value of -6 + 3 + 1 + -6 + 3?
-5
What is -27 + 17 + 1 + 4?
-5
What is -4 + (4 - (7 + -7))?
0
Calculate -3 + 5 - (7 - 7).
2
-9 - (-2 - (2 - (-3 - -3)))
-5
What is the value of 4 + -7 - (13 + -11)?
-5
Calculate -3 + 1 + 1 + -1 + 6.
4
Calculate 7 - (-1 + -4 - -4 - -3).
5
Evaluate -7 + 5 - (-6 - (-2 - -4)).
6
Evaluate -3 - (3 - 2) - -2.
-2
Calculate 3 + -10 + (-8 - -9).
-6
What is the value of -6 + (4 - -3) + -4?
-3
59 - 62 - (-2 - (-3 + 2))
-2
What is (-4 - -13) + -4 - 8?
-3
Evaluate (3 - 3) + -3 + 2.
-1
What is the value of 1 - -9 - (7 + -5 + 5)?
3
9 + (3 - (3 + 5))
4
0 + 5 + (-3 - 0)
2
What is 3 + -1 + (-107 - -110)?
5
What is -3 + (6 - (1 + 1))?
1
Calculate 5 + -4 + 1 + (1 - -1).
4
Calculate 4 + -3 + (-24 - -16).
-7
What is -7 + (-4 - -9) + -3?
-5
What is (0 - (-2 + (4 - 0))) + -3?
-5
Calculate 5 + (-5 - -3) - (3 + 1).
-1
-1 + (-2 - -5) - (12 + -13)
3
What is (2 + -4 - (-2 - 4)) + 1?
5
What is the value of 0 - (-14 - (4 - 9))?
9
Evaluate 2 + -7 + (0 - (0 + -1)).
-4
What is the value of 7 - (0 + -1 + 4)?
4
Calculate 0 + 0 - (-3 - 0).
3
What is (2 - 3) + (5 - (-2 - -1))?
5
What is the value of -2 - (-2 + 3) - (-4 + -3)?
4
-11 - 10 - (-14 - -1)
-8
Calculate 18 - ((7 - -5) + 1).
5
Calculate 5 + 2 - (1 - -1).
5
Evaluate 1 + -1 - (-3 + 13 + -9).
-1
What is -3 - (-1 - 3) - 3 - -6?
4
What is the value of (6 - ((17 - 4) + -6)) + 5?
4
Calculate (-47 - -49) + -1 + 1.
2
What is the value of 11 + (-5 - 4) + 4?
6
What is the value of -1 + -3 - (-25 + 26)?
-5
(4 - 1) + -7 + -3 + 4
-3
Evaluate (7 - 2) + 0 + -4.
1
Calculate -4 + 1 + -2 - -3.
-2
Evaluate -11 + 15 - (0 - (1 + -1)).
4
What is 7 - 12 - (0 + -3)?
-2
What is the value of -10 + 1 - -5 - -14 - 5?
5
Calculate 4 + (1 - 0 - 5).
0
Evaluate 1 + 0 - (-10 + (-1 - -11)).
1
Calculate -5 - -5 - (5 + 1 + -2).
-4
0 + ((-2 - 3) + 3 - -1)
-1
What is (-1 - 0) + 4 + (1 - 4)?
0
What is (-6 - -6) + 9 - 5?
4
What is the value of 4 - -4 - ((4 - 12) + 11)?
5
Evaluate -1 + -1 + 4 + (-5 - 0).
-3
What is -5 - -3 - -3 - (2 + -5)?
4
Calculate -2 - -3 - 4 - (1 - 2).
-2
What is 15 + -9 + 4 + -2?
8
What is -2 - (2 - (-3 + (5 - 2)))?
-4
0 + 2 + -3 + 4 + -2
1
What is the value of 5 + -1 + (-9 - -2) + 3?
0
What is the value of 0 - 2 - 1 - (-11 + 10)?
-2
Calculate -7 + 9 + (-7 - -3).
-2
What is (1 + -3 - (0 - -2)) + 9?
5
0 + 8 + 2 + -4
6
Evaluate -1 - (-4 + 4 + 3 + -3).
-1
Calculate 0 + 3 + -4 + 1 + 5.
5
What is 204 - 197 - (12 - (-2 - 0))?
-7
What is the value of 3 + 5 + -8 - -1?
1
What is the value of (-5 - (-13 - (2 - 8))) + -8?
-6
What is (-1 - 4) + 1 + -1 + 0?
-5
What is the value of 1 - 11 - (-1 + (-5 - 0))?
-4
20 + -12 + -3 + -2
3
Evaluate -2 - (-11 + 9 - (0 - -1)).
1
Evaluate -2 + 8 + (-3 - -1 - 5).
-1
(-1 - 1) + (9 - 13)
-6
Evaluate 19 + -8 + -2 + 1.
10
What is the value of -4 + -2 + 9 + -11?
-8
Evaluate 1 - (9 - 7) - -1.
0
Evaluate -1 + 2 - 5 - (-19 - -15).
0
Calculate 17 + -14 + 2 - (-1 + 1).
5
Calculate -12 + (17 - (3 + 3)).
-1
Evaluate (-1 - -2 - 0) + -1 - -5.
5
-7 - ((7 - 14) + 0)
0
What is the value of 6 + -7 - (-3 - -1)?
1
Evaluate (-7 - 1) + (-18 - -31) + 2.
7
Evaluate 1 - ((-2 - -9 - 5) + 4).
-5
Calculate -4 - (-1 - -4 - (-2 - -7)).
-2
What is the value of -10 - (7 + -2 + -9)?
-6
Evaluate 4 + (1 - 3) - 5 - 2.
-5
Evaluate (15 - 16) + 1 - (-4 + 1).
3
Evaluate (0 - -3 - -9) + -16.
-4
(-2 - (4 + (-10 - -4))) + -1
-1
What is the value of -1 + (4 - 2) - 6?
-5
(0 - 1) + (-8 - -8) + -5
-6
What is 9 + 9 + -10 + -3?
5
What is the value of 7 + (-16 - -1) + 8?
0
What is -7 + 8 + -3 + 0?
-2
What is the value of -2 + (-3 - (-1 - (-3 - -3)))?
-4
What is the value of 1 + 0 + 0 - (3 + -2)?
0
Evaluate 9 - (8 + -21 + 23).
-1
Evaluate 12 - 10 - ((0 - 4) + 0).
6
Evaluate -23 - -17 - (-4 + 7).
-9
Evaluate -3 + 0 - -7 - (-3 - -3).
4
What is the value of -3 + (0 - 1 - -1) + 1?
-2
Evaluate 1 - (5 + -5 + -3).
4
Evaluate -3 + (-7 - -1) + 10.
1
(13 - 36) + 12 - -15
4
1 - 0 - (0 - -2)
-1
Calculate (6 + -3 - 6) + 6.
3
Calculate 3 + 5 + 12 + -21.
-1
What is (12 - (-2 + 7)) + -2 - 4?
1
3 + -15 + 17 - 4
1
Evaluate -5 + (1 - (-3 + -3)).
2
Evaluate 6 - 21 - (-10 + -9).
4
What is 5 + -9 + 0 + 0 + 2?
-2
1 + (2 - (6 - 4))
1
Evaluate 13 - (-6 - -16) - (1 - -1).
1
13 - (-1 - 9 - -31)
-8
What is 7 + (-5 - -2) + -1?
3
What is 5 - ((2 - 5) + 3 - -3)?
2
Evaluate (0 - -1) + (0 - -7 - 4).
4
Calculate 1 + 0 - (-2 + 6 + -7).
4
What is -5 - ((12 - 14) + 1 + 0)?
-4
Calculate (-4 - -6) + -3 + 2.
1
Calculate 1 + -5 - (18 + -13 - 5).
-4
0 + (-6 - (-5 + 1))
-2
Evaluate -10 + (-8 - -9) + 17.
8
What is 3 - 2 - -1 - (2 + 5)?
-5
Evaluate 5 - (1 - -2 - 7).
9
What is the value of -5 + 2 + -4 + 9 + -8?
-6
What is the value of -6 + (16 - 6) + 0?
4
What is the value of 6 + -8 + (0 - 2)?
-4
-1 + 12 - (-91 - -100)
2
Evaluate -6 + (1 - -4) - (1 + -1).
-1
Calculate 4 + (-6 - -3) + 1 + 2.
4
Evaluate -4 - (-10 - (-5 + 1)).
2
-8 + 11 - -3 - 10
-4
What is 3 + 0 + -12 - -10?
1
What is (2 - 0) + 4 - 3?
3
Calculate (1 - 3) + 2 + -4.
-4
Calculate 15 + -14 - (1 - -1 - -2).
-3
Calculate 15 + -11 - (-3 + 5).
2
Calculate (-3 - (-3 + 1)) + 3 + -2.
0
What is the value of 1 + 3 - ((15 - 7) + 1)?
-5
What is the value of 6 + (-6 - 8) - (-3 + 0)?
-5
Calculate -4 - (4 - 5) - 2.
-5
-1 + 3 + (2 - 3) - 3
-2
Calculate 3 - (-3 + -7 + 7).
6
What is -3 - (-3 + (1 - 6))?
5
What is the value of -3 + (-3 - (-3 + 0 + -7))?
4
What is the value of (0 + -1 + -1 - 0) + -2?
-4
(1 + 5 - (1 + -1)) + -5
1
What is -1 + ((-4 - -4) + -2 - -6)?
3
Calculate 4 + (1 - 9) + -1.
-5
Calculate -7 - (-2 - 0) - -9.
4
What is the value of (0 - -1) + 14 + -8?
7
What is 0 + 1 + 3 + -1 + 0?
3
What is -6 + 5 + 2 - -6?
7
-1 + 4 + -5 + 5
3
Calculate 5 - -5 - (0 + 0 + 4).
6
Calculate 5 - (1 + -3 + (-2 - -5)).
4
What is 13 - 16 - (1 - 6) - 2?
0
Calculate -4 + (4 - (3 - (5 - -4))).
6
What is 9 - (0 - (-8 - -5))?
6
Calculate 0 + 3 + 4 + -2 + -4.
1
Evaluate (0 + -1